{"id":1853,"date":"2020-09-15T06:48:29","date_gmt":"2020-09-15T06:48:29","guid":{"rendered":"http:\/\/waldwelten-thueringen.de\/?page_id=1853"},"modified":"2023-01-06T15:46:27","modified_gmt":"2023-01-06T14:46:27","slug":"about","status":"publish","type":"page","link":"http:\/\/waldwelten-thueringen.de\/?page_id=1853","title":{"rendered":"\u00dcber mich"},"content":{"rendered":"\n<div class=\"wp-block-uagb-container uagb-block-e389c14c alignfull uagb-is-root-container\"><div class=\"uagb-container-inner-blocks-wrap\">\n<div class=\"wp-block-uagb-advanced-heading uagb-block-dd17606e\"><h1 class=\"uagb-heading-text\">Wer steckt dahinter?<\/h1><\/div>\n<\/div><\/div>\n\n\n\n<div class=\"wp-block-uagb-container uagb-block-879c342a alignfull uagb-is-root-container\"><div class=\"uagb-container-inner-blocks-wrap\">\n<div class=\"wp-block-uagb-container uagb-block-8b6dbceb\">\n<div class=\"wp-block-uagb-image uagb-block-2796f8a2 wp-block-uagb-image--layout-default wp-block-uagb-image--effect-static wp-block-uagb-image--align-none\"><figure class=\"wp-block-uagb-image__figure\"><img decoding=\"async\" srcset=\"http:\/\/waldwelten-thueringen.de\/wp-content\/uploads\/2022\/08\/quote-1.png ,http:\/\/waldwelten-thueringen.de\/wp-content\/uploads\/2022\/08\/quote-1.png 780w\" src=\"http:\/\/waldwelten-thueringen.de\/wp-content\/uploads\/2022\/08\/quote-1.png\" alt=\"\" class=\"uag-image-322\" width=\"94\" height=\"72\" title=\"\" loading=\"lazy\"\/><\/figure><\/div>\n<\/div>\n\n\n\n<div class=\"wp-block-uagb-container uagb-block-6d783c5e\">\n<div class=\"wp-block-uagb-advanced-heading uagb-block-98aac503\"><p class=\"uagb-heading-text\">\u201cIch zog in den Wald, weil ich den Wunsch hatte, mit \u00dcberlegung zu leben, dem eigentlichen, wirklichen Leben n\u00e4herzutreten, &nbsp;zu sehen, ob ich nicht lernen konnte, was es zu lehren hatte, damit ich nicht, wenn es zum Sterben ginge, einsehen m\u00fc\u00dfte, da\u00df ich nicht gelebt hatte.\u201c<\/p><p class=\"uagb-desc-text\">&#8211; H.D. Thoreau, Walden, 1999, S. 97. &#8211;<\/p><\/div>\n<\/div>\n<\/div><\/div>\n\n\n\n<div class=\"wp-block-uagb-container uagb-block-8b19f69f alignfull uagb-is-root-container\"><div class=\"uagb-container-inner-blocks-wrap\">\n<div class=\"wp-block-uagb-container uagb-block-bf05c50d\">\n<p>Ich gr\u00fcndete 1997 den Verein ELAN \u2013 Erleben und Lernen durch Abenteuer in der Natur- e.V. in Erfurt mit und arbeitete dort \u00fcber 5 Jahre. Ich habe zahlreiche Klassenfahrten, Ferienkurse und Weiterbildungen im Bereich Erlebnis- und Naturp\u00e4dagogik geleitet sowie auch Lehrauftr\u00e4ge an der Universit\u00e4t und FH Erfurt gehalten.<\/p>\n\n\n\n<p>Mit der Geburt meiner Tochter erkannte ich, wie bedeutsam der regelm\u00e4\u00dfige Aufenthalt in der Natur auch im fr\u00fchkindlichen Bereich ist. Ich machte 2005 eine Ausbildung zur \u201eWalderzieherin\u201c bei der Naturschule Freiburg und konzipierte und gr\u00fcndete daraufhin 2006 den Ilmenauer Waldkindergarten.<\/p>\n\n\n\n<p>2008 lebte ich mit meiner Tochter im Rahmen eines Programms der \u201e<a href=\"http:\/\/www.wildniswissen.de\/\" target=\"_blank\" rel=\"noreferrer noopener\">Wildnisschule Wildniswissen<\/a>\u201c einen Monat in den W\u00e4ldern Polens. Ich entdeckte dort meine Begeisterung f\u00fcr wildnisp\u00e4dagogische Themen wie Spuren lesen, Vogelsprache, Pflanzenkunde etc. So lie\u00df ich mich 2009 zur zertifizierten Wildnisp\u00e4dagogin ausbilden.<\/p>\n\n\n\n<p>2013 hatte ich die Idee, wildnisp\u00e4dagogische Waldtage an der Freien Reformschule Franz von Assisi anzubieten. Seitdem habe ich diese regelm\u00e4\u00dfig mit Sch\u00fclerInnen der 1. bis 6. Klasse mit gro\u00dfer Begeisterung durchgef\u00fchrt.<\/p>\n\n\n\n<p>Da mich auch die Kraft der Natur bei Prozessbegleitung und der Gestaltung von \u00dcberg\u00e4ngen faszinierte, habe ich 2017 eine Ausbildung zum \u201eNaturcoach\/ Prozessbegleitung in der Natur\u201c bei healing nature absolviert, bei der ich tief in die Weisheit der Natur eintauchen konnte.<\/p>\n\n\n\n<p>Um dies weiter zu vertiefen, bildete ich mich 2019 bei circlewise zum Thema Trauerbegleitung und \u201emedicine of grifing\u201c in einem einj\u00e4hrigen online- Kurs fort.<\/p>\n\n\n\n<p>Seit 2013 arbeitete ich zudem freiberuflich als Natur- und Wildnisp\u00e4dagogin und leitete dort haupts\u00e4chlich Weiterbildungen f\u00fcr ErzieherInnen und P\u00e4dagogInnen zum Thema Wald- und Naturp\u00e4dagogik.<\/p>\n<\/div>\n\n\n\n<div class=\"wp-block-uagb-container uagb-block-eab361e0\">\n<div class=\"wp-block-uagb-image uagb-block-fa9c4693 wp-block-uagb-image--layout-default wp-block-uagb-image--effect-static wp-block-uagb-image--align-none\"><figure class=\"wp-block-uagb-image__figure\"><img decoding=\"async\" srcset=\"http:\/\/waldwelten-thueringen.de\/wp-content\/uploads\/2022\/09\/IMG_20220729_182908-2-628x1024.jpg \" src=\"http:\/\/waldwelten-thueringen.de\/wp-content\/uploads\/2022\/09\/IMG_20220729_182908-2-628x1024.jpg\" alt=\"\" class=\"uag-image-1976\" width=\"\" height=\"\" title=\"\" loading=\"lazy\"\/><\/figure><\/div>\n<\/div>\n<\/div><\/div>\n\n\n\n<div class=\"wp-block-uagb-container uagb-block-a16c2637 alignfull uagb-is-root-container\"><div class=\"uagb-container-inner-blocks-wrap\"><\/div><\/div>\n","protected":false},"excerpt":{"rendered":"","protected":false},"author":1,"featured_media":0,"parent":0,"menu_order":0,"comment_status":"closed","ping_status":"closed","template":"","meta":{"om_disable_all_campaigns":false,"_monsterinsights_skip_tracking":false,"_monsterinsights_sitenote_active":false,"_monsterinsights_sitenote_note":"","_monsterinsights_sitenote_category":0,"site-sidebar-layout":"no-sidebar","site-content-layout":"plain-container","ast-global-header-display":"","ast-main-header-display":"","ast-hfb-above-header-display":"","ast-hfb-below-header-display":"","ast-hfb-mobile-header-display":"","site-post-title":"disabled","ast-breadcrumbs-content":"","ast-featured-img":"disabled","footer-sml-layout":"","theme-transparent-header-meta":"enabled","adv-header-id-meta":"","stick-header-meta":"","header-above-stick-meta":"","header-main-stick-meta":"","header-below-stick-meta":"","footnotes":""},"class_list":["post-1853","page","type-page","status-publish","hentry"],"aioseo_notices":[],"uagb_featured_image_src":{"full":false,"thumbnail":false,"medium":false,"medium_large":false,"large":false,"1536x1536":false,"2048x2048":false},"uagb_author_info":{"display_name":"admin","author_link":"http:\/\/waldwelten-thueringen.de\/?author=1"},"uagb_comment_info":0,"uagb_excerpt":null,"_links":{"self":[{"href":"http:\/\/waldwelten-thueringen.de\/index.php?rest_route=\/wp\/v2\/pages\/1853","targetHints":{"allow":["GET"]}}],"collection":[{"href":"http:\/\/waldwelten-thueringen.de\/index.php?rest_route=\/wp\/v2\/pages"}],"about":[{"href":"http:\/\/waldwelten-thueringen.de\/index.php?rest_route=\/wp\/v2\/types\/page"}],"author":[{"embeddable":true,"href":"http:\/\/waldwelten-thueringen.de\/index.php?rest_route=\/wp\/v2\/users\/1"}],"replies":[{"embeddable":true,"href":"http:\/\/waldwelten-thueringen.de\/index.php?rest_route=%2Fwp%2Fv2%2Fcomments&post=1853"}],"version-history":[{"count":10,"href":"http:\/\/waldwelten-thueringen.de\/index.php?rest_route=\/wp\/v2\/pages\/1853\/revisions"}],"predecessor-version":[{"id":2443,"href":"http:\/\/waldwelten-thueringen.de\/index.php?rest_route=\/wp\/v2\/pages\/1853\/revisions\/2443"}],"wp:attachment":[{"href":"http:\/\/waldwelten-thueringen.de\/index.php?rest_route=%2Fwp%2Fv2%2Fmedia&parent=1853"}],"curies":[{"name":"wp","href":"https:\/\/api.w.org\/{rel}","templated":true}]}}

Über mich

<div class="wp-block-uagb-container uagb-block-e389c14c alignfull uagb-is-root-container"><div class="uagb-container-inner-blocks-wrap">
<div class="wp-block-uagb-advanced-heading uagb-block-dd17606e"><h1 class="uagb-heading-text">Wer steckt dahinter?</h1></div>
</div></div>



<div class="wp-block-uagb-container uagb-block-879c342a alignfull uagb-is-root-container"><div class="uagb-container-inner-blocks-wrap">
<div class="wp-block-uagb-container uagb-block-8b6dbceb">
<div class="wp-block-uagb-image uagb-block-2796f8a2 wp-block-uagb-image--layout-default wp-block-uagb-image--effect-static wp-block-uagb-image--align-none"><figure class="wp-block-uagb-image__figure"><img decoding="async" srcset="http://waldwelten-thueringen.de/wp-content/uploads/2022/08/quote-1.png ,http://waldwelten-thueringen.de/wp-content/uploads/2022/08/quote-1.png 780w" src="http://waldwelten-thueringen.de/wp-content/uploads/2022/08/quote-1.png" alt="" class="uag-image-322" width="94" height="72" title="" loading="lazy"/></figure></div>
</div>



<div class="wp-block-uagb-container uagb-block-6d783c5e">
<div class="wp-block-uagb-advanced-heading uagb-block-98aac503"><p class="uagb-heading-text">“Ich zog in den Wald, weil ich den Wunsch hatte, mit Überlegung zu leben, dem eigentlichen, wirklichen Leben näherzutreten, &nbsp;zu sehen, ob ich nicht lernen konnte, was es zu lehren hatte, damit ich nicht, wenn es zum Sterben ginge, einsehen müßte, daß ich nicht gelebt hatte.“</p><p class="uagb-desc-text">&#8211; H.D. Thoreau, Walden, 1999, S. 97. &#8211;</p></div>
</div>
</div></div>



<div class="wp-block-uagb-container uagb-block-8b19f69f alignfull uagb-is-root-container"><div class="uagb-container-inner-blocks-wrap">
<div class="wp-block-uagb-container uagb-block-bf05c50d">
<p>Ich gründete 1997 den Verein ELAN – Erleben und Lernen durch Abenteuer in der Natur- e.V. in Erfurt mit und arbeitete dort über 5 Jahre. Ich habe zahlreiche Klassenfahrten, Ferienkurse und Weiterbildungen im Bereich Erlebnis- und Naturpädagogik geleitet sowie auch Lehraufträge an der Universität und FH Erfurt gehalten.</p>



<p>Mit der Geburt meiner Tochter erkannte ich, wie bedeutsam der regelmäßige Aufenthalt in der Natur auch im frühkindlichen Bereich ist. Ich machte 2005 eine Ausbildung zur „Walderzieherin“ bei der Naturschule Freiburg und konzipierte und gründete daraufhin 2006 den Ilmenauer Waldkindergarten.</p>



<p>2008 lebte ich mit meiner Tochter im Rahmen eines Programms der „<a href="http://www.wildniswissen.de/" target="_blank" rel="noreferrer noopener">Wildnisschule Wildniswissen</a>“ einen Monat in den Wäldern Polens. Ich entdeckte dort meine Begeisterung für wildnispädagogische Themen wie Spuren lesen, Vogelsprache, Pflanzenkunde etc. So ließ ich mich 2009 zur zertifizierten Wildnispädagogin ausbilden.</p>



<p>2013 hatte ich die Idee, wildnispädagogische Waldtage an der Freien Reformschule Franz von Assisi anzubieten. Seitdem habe ich diese regelmäßig mit SchülerInnen der 1. bis 6. Klasse mit großer Begeisterung durchgeführt.</p>



<p>Da mich auch die Kraft der Natur bei Prozessbegleitung und der Gestaltung von Übergängen faszinierte, habe ich 2017 eine Ausbildung zum „Naturcoach/ Prozessbegleitung in der Natur“ bei healing nature absolviert, bei der ich tief in die Weisheit der Natur eintauchen konnte.</p>



<p>Um dies weiter zu vertiefen, bildete ich mich 2019 bei circlewise zum Thema Trauerbegleitung und „medicine of grifing“ in einem einjährigen online- Kurs fort.</p>



<p>Seit 2013 arbeitete ich zudem freiberuflich als Natur- und Wildnispädagogin und leitete dort hauptsächlich Weiterbildungen für ErzieherInnen und PädagogInnen zum Thema Wald- und Naturpädagogik.</p>
</div>



<div class="wp-block-uagb-container uagb-block-eab361e0">
<div class="wp-block-uagb-image uagb-block-fa9c4693 wp-block-uagb-image--layout-default wp-block-uagb-image--effect-static wp-block-uagb-image--align-none"><figure class="wp-block-uagb-image__figure"><img decoding="async" srcset="http://waldwelten-thueringen.de/wp-content/uploads/2022/09/IMG_20220729_182908-2-628x1024.jpg " src="http://waldwelten-thueringen.de/wp-content/uploads/2022/09/IMG_20220729_182908-2-628x1024.jpg" alt="" class="uag-image-1976" width="" height="" title="" loading="lazy"/></figure></div>
</div>
</div></div>



<div class="wp-block-uagb-container uagb-block-a16c2637 alignfull uagb-is-root-container"><div class="uagb-container-inner-blocks-wrap"></div></div>
