{"id":2021,"date":"2022-09-30T00:24:23","date_gmt":"2022-09-29T22:24:23","guid":{"rendered":"http:\/\/waldwelten-thueringen.de\/?page_id=2021"},"modified":"2023-01-06T15:43:30","modified_gmt":"2023-01-06T14:43:30","slug":"idee","status":"publish","type":"page","link":"http:\/\/waldwelten-thueringen.de\/?page_id=2021","title":{"rendered":"Idee"},"content":{"rendered":"\n<div class=\"wp-block-uagb-container uagb-block-71b7d498 alignfull uagb-is-root-container\"><div class=\"uagb-container-inner-blocks-wrap\">\n<div class=\"wp-block-uagb-advanced-heading uagb-block-9c585c5c\"><h1 class=\"uagb-heading-text\">Die Idee dahinter&#8230;<\/h1><\/div>\n<\/div><\/div>\n\n\n\n<div class=\"wp-block-uagb-container uagb-block-a93fdf9b alignfull uagb-is-root-container\"><div class=\"uagb-container-inner-blocks-wrap\">\n<div style=\"height:50px\" aria-hidden=\"true\" class=\"wp-block-spacer\"><\/div>\n<\/div><\/div>\n\n\n\n<div class=\"wp-block-uagb-container uagb-block-de4442fb alignfull uagb-is-root-container\"><div class=\"uagb-container-inner-blocks-wrap\">\n<div class=\"wp-block-uagb-container uagb-block-7ad3a936\">\n<p>Ich bin in einer Gro\u00dfstadt aufgewachsen und habe dadurch fr\u00fch selbst erfahren, welche weitreichende und tiefgehende Wirkung die Natur auf mich hat.<\/p>\n\n\n\n<p>Ich verbinde damit die M\u00f6glichkeit, mich dort frei zu bewegen, zu rennen, zu klettern und \u201ewild sein\u201c zu k\u00f6nnen ebenso wie Orte der Ruhe, der R\u00fcckzugs, des Trostes und der tiefen Freude zu erleben.<\/p>\n\n\n\n<p>Im Laufe meines Lebens und meiner T\u00e4tigkeiten wurde mir immer deutlicher, wie wichtig unsere Verbindung zur Natur ist. Ich bin auf verschiedenen Wegen gegangen, um die vielf\u00e4ltigen Ebenen von Natur-Verbindung zu erfahren und tiefer darin einzutauchen. Die Verbindung zu unseren eigenen Gef\u00fchlen sowie zu anderen Menschen spielen dabei ebenso eine wichtige Rolle.<\/p>\n\n\n\n<p>Durch das Sein in der Natur, die bewusste Entschleunigung, die Achtsamkeit mit allen Sinnen k\u00f6nnen wir uns und unsere Gef\u00fchle intensiver wahrnehmen. Wir begegnen dabei wesentlichen Fragen des Lebens &#8211; und ihren Antworten.<\/p>\n<\/div>\n\n\n\n<div class=\"wp-block-uagb-container uagb-block-61865b77\">\n<div class=\"wp-block-uagb-image uagb-block-7799a07c wp-block-uagb-image--layout-default wp-block-uagb-image--effect-static wp-block-uagb-image--align-none\"><figure class=\"wp-block-uagb-image__figure\"><img decoding=\"async\" srcset=\"http:\/\/waldwelten-thueringen.de\/wp-content\/uploads\/2022\/09\/P1090036-768x1024.jpg \" src=\"http:\/\/waldwelten-thueringen.de\/wp-content\/uploads\/2022\/09\/P1090036-768x1024.jpg\" alt=\"\" class=\"uag-image-1949\" width=\"768\" height=\"1024\" title=\"\" loading=\"lazy\"\/><\/figure><\/div>\n<\/div>\n\n\n\n<div class=\"wp-block-uagb-container uagb-block-391c54e8\">\n<figure class=\"wp-block-image size-large\"><img loading=\"lazy\" decoding=\"async\" width=\"768\" height=\"1024\" src=\"http:\/\/waldwelten-thueringen.de\/wp-content\/uploads\/2022\/09\/P1070155-768x1024.jpg\" alt=\"\" class=\"wp-image-1939\" srcset=\"http:\/\/waldwelten-thueringen.de\/wp-content\/uploads\/2022\/09\/P1070155-768x1024.jpg 768w, http:\/\/waldwelten-thueringen.de\/wp-content\/uploads\/2022\/09\/P1070155-225x300.jpg 225w, http:\/\/waldwelten-thueringen.de\/wp-content\/uploads\/2022\/09\/P1070155-1152x1536.jpg 1152w, http:\/\/waldwelten-thueringen.de\/wp-content\/uploads\/2022\/09\/P1070155-1536x2048.jpg 1536w, http:\/\/waldwelten-thueringen.de\/wp-content\/uploads\/2022\/09\/P1070155-scaled.jpg 1920w\" sizes=\"auto, (max-width: 768px) 100vw, 768px\" \/><\/figure>\n<\/div>\n\n\n\n<div class=\"wp-block-uagb-container uagb-block-268557a9\">\n<p>Wir k\u00f6nnen die Sch\u00f6nheit, Kraft und Einzigartigkeit der Natur erleben und unsere eigene Lebendigkeit, Liebe und Begeisterung wieder entdecken.<\/p>\n\n\n\n<p>Wenn ich mit Kindern in der Natur unterwegs bin, kann ich in viel von ihnen lernen und es begeistert mich immer wieder, wie lebendig und freudvoll sie die Natur erleben und wahrnehmen.<\/p>\n\n\n\n<p>Ich m\u00f6chte diese Erfahrungen auch zuk\u00fcnftigen Generationen erm\u00f6glichen.<\/p>\n\n\n\n<p>Eine positive emotionale Verbundenheit mit der Natur scheint mir die Grundlage zu sein, um die Natur zu sch\u00e4tzen und auch sch\u00fctzen zu wollen \u2013 in jedem Alter.<\/p>\n\n\n\n<p>Ich bin sehr dankbar, diese Arbeit nun schon seit \u00fcber 25 Jahren tun zu d\u00fcrfen und freue mich \u00fcber jeden, der sich gemeinsam mit mir auf den Weg in die Natur begibt!!<\/p>\n<\/div>\n<\/div><\/div>\n\n\n\n<div class=\"wp-block-uagb-container uagb-block-b448e1ac alignfull uagb-is-root-container\"><div class=\"uagb-container-inner-blocks-wrap\">\n<div style=\"height:50px\" aria-hidden=\"true\" class=\"wp-block-spacer\"><\/div>\n<\/div><\/div>\n","protected":false},"excerpt":{"rendered":"","protected":false},"author":1,"featured_media":0,"parent":0,"menu_order":0,"comment_status":"closed","ping_status":"closed","template":"","meta":{"om_disable_all_campaigns":false,"_monsterinsights_skip_tracking":false,"_monsterinsights_sitenote_active":false,"_monsterinsights_sitenote_note":"","_monsterinsights_sitenote_category":0,"site-sidebar-layout":"no-sidebar","site-content-layout":"plain-container","ast-global-header-display":"","ast-main-header-display":"","ast-hfb-above-header-display":"","ast-hfb-below-header-display":"","ast-hfb-mobile-header-display":"","site-post-title":"disabled","ast-breadcrumbs-content":"","ast-featured-img":"","footer-sml-layout":"","theme-transparent-header-meta":"enabled","adv-header-id-meta":"","stick-header-meta":"","header-above-stick-meta":"","header-main-stick-meta":"","header-below-stick-meta":"","footnotes":""},"class_list":["post-2021","page","type-page","status-publish","hentry"],"aioseo_notices":[],"uagb_featured_image_src":{"full":false,"thumbnail":false,"medium":false,"medium_large":false,"large":false,"1536x1536":false,"2048x2048":false},"uagb_author_info":{"display_name":"admin","author_link":"http:\/\/waldwelten-thueringen.de\/?author=1"},"uagb_comment_info":0,"uagb_excerpt":null,"_links":{"self":[{"href":"http:\/\/waldwelten-thueringen.de\/index.php?rest_route=\/wp\/v2\/pages\/2021","targetHints":{"allow":["GET"]}}],"collection":[{"href":"http:\/\/waldwelten-thueringen.de\/index.php?rest_route=\/wp\/v2\/pages"}],"about":[{"href":"http:\/\/waldwelten-thueringen.de\/index.php?rest_route=\/wp\/v2\/types\/page"}],"author":[{"embeddable":true,"href":"http:\/\/waldwelten-thueringen.de\/index.php?rest_route=\/wp\/v2\/users\/1"}],"replies":[{"embeddable":true,"href":"http:\/\/waldwelten-thueringen.de\/index.php?rest_route=%2Fwp%2Fv2%2Fcomments&post=2021"}],"version-history":[{"count":10,"href":"http:\/\/waldwelten-thueringen.de\/index.php?rest_route=\/wp\/v2\/pages\/2021\/revisions"}],"predecessor-version":[{"id":2442,"href":"http:\/\/waldwelten-thueringen.de\/index.php?rest_route=\/wp\/v2\/pages\/2021\/revisions\/2442"}],"wp:attachment":[{"href":"http:\/\/waldwelten-thueringen.de\/index.php?rest_route=%2Fwp%2Fv2%2Fmedia&parent=2021"}],"curies":[{"name":"wp","href":"https:\/\/api.w.org\/{rel}","templated":true}]}}

<div class="wp-block-uagb-container uagb-block-71b7d498 alignfull uagb-is-root-container"><div class="uagb-container-inner-blocks-wrap">
<div class="wp-block-uagb-advanced-heading uagb-block-9c585c5c"><h1 class="uagb-heading-text">Die Idee dahinter&#8230;</h1></div>
</div></div>



<div class="wp-block-uagb-container uagb-block-a93fdf9b alignfull uagb-is-root-container"><div class="uagb-container-inner-blocks-wrap">
<div style="height:50px" aria-hidden="true" class="wp-block-spacer"></div>
</div></div>



<div class="wp-block-uagb-container uagb-block-de4442fb alignfull uagb-is-root-container"><div class="uagb-container-inner-blocks-wrap">
<div class="wp-block-uagb-container uagb-block-7ad3a936">
<p>Ich bin in einer Großstadt aufgewachsen und habe dadurch früh selbst erfahren, welche weitreichende und tiefgehende Wirkung die Natur auf mich hat.</p>



<p>Ich verbinde damit die Möglichkeit, mich dort frei zu bewegen, zu rennen, zu klettern und „wild sein“ zu können ebenso wie Orte der Ruhe, der Rückzugs, des Trostes und der tiefen Freude zu erleben.</p>



<p>Im Laufe meines Lebens und meiner Tätigkeiten wurde mir immer deutlicher, wie wichtig unsere Verbindung zur Natur ist. Ich bin auf verschiedenen Wegen gegangen, um die vielfältigen Ebenen von Natur-Verbindung zu erfahren und tiefer darin einzutauchen. Die Verbindung zu unseren eigenen Gefühlen sowie zu anderen Menschen spielen dabei ebenso eine wichtige Rolle.</p>



<p>Durch das Sein in der Natur, die bewusste Entschleunigung, die Achtsamkeit mit allen Sinnen können wir uns und unsere Gefühle intensiver wahrnehmen. Wir begegnen dabei wesentlichen Fragen des Lebens &#8211; und ihren Antworten.</p>
</div>



<div class="wp-block-uagb-container uagb-block-61865b77">
<div class="wp-block-uagb-image uagb-block-7799a07c wp-block-uagb-image--layout-default wp-block-uagb-image--effect-static wp-block-uagb-image--align-none"><figure class="wp-block-uagb-image__figure"><img decoding="async" srcset="http://waldwelten-thueringen.de/wp-content/uploads/2022/09/P1090036-768x1024.jpg " src="http://waldwelten-thueringen.de/wp-content/uploads/2022/09/P1090036-768x1024.jpg" alt="" class="uag-image-1949" width="768" height="1024" title="" loading="lazy"/></figure></div>
</div>



<div class="wp-block-uagb-container uagb-block-391c54e8">
<figure class="wp-block-image size-large"><img loading="lazy" decoding="async" width="768" height="1024" src="http://waldwelten-thueringen.de/wp-content/uploads/2022/09/P1070155-768x1024.jpg" alt="" class="wp-image-1939" srcset="http://waldwelten-thueringen.de/wp-content/uploads/2022/09/P1070155-768x1024.jpg 768w, http://waldwelten-thueringen.de/wp-content/uploads/2022/09/P1070155-225x300.jpg 225w, http://waldwelten-thueringen.de/wp-content/uploads/2022/09/P1070155-1152x1536.jpg 1152w, http://waldwelten-thueringen.de/wp-content/uploads/2022/09/P1070155-1536x2048.jpg 1536w, http://waldwelten-thueringen.de/wp-content/uploads/2022/09/P1070155-scaled.jpg 1920w" sizes="auto, (max-width: 768px) 100vw, 768px" /></figure>
</div>



<div class="wp-block-uagb-container uagb-block-268557a9">
<p>Wir können die Schönheit, Kraft und Einzigartigkeit der Natur erleben und unsere eigene Lebendigkeit, Liebe und Begeisterung wieder entdecken.</p>



<p>Wenn ich mit Kindern in der Natur unterwegs bin, kann ich in viel von ihnen lernen und es begeistert mich immer wieder, wie lebendig und freudvoll sie die Natur erleben und wahrnehmen.</p>



<p>Ich möchte diese Erfahrungen auch zukünftigen Generationen ermöglichen.</p>



<p>Eine positive emotionale Verbundenheit mit der Natur scheint mir die Grundlage zu sein, um die Natur zu schätzen und auch schützen zu wollen – in jedem Alter.</p>



<p>Ich bin sehr dankbar, diese Arbeit nun schon seit über 25 Jahren tun zu dürfen und freue mich über jeden, der sich gemeinsam mit mir auf den Weg in die Natur begibt!!</p>
</div>
</div></div>



<div class="wp-block-uagb-container uagb-block-b448e1ac alignfull uagb-is-root-container"><div class="uagb-container-inner-blocks-wrap">
<div style="height:50px" aria-hidden="true" class="wp-block-spacer"></div>
</div></div>
